 of 2 - ((-4 - 2) + 10 + 1)?
-3
Calculate (-3 - -1) + (1 - 10 - -7).
-4
What is (18 - 19) + (0 - -5)?
4
Evaluate -7 - (-2 - 12 - -15).
-8
What is -12 + 8 + (10 - -1)?
7
5 + (3 - 7 - -1)
2
What is 4 + (1 - (3 - -2))?
0
What is the value of 6 + 6 + -4 - (8 - 3)?
3
What is 20 + -3 - (14 + -3)?
6
Evaluate -2 - (-1 - ((9 - 3) + 0)).
5
Calculate (1 - -3) + 0 - (7 - 1).
-2
What is 2 - (-7 + 9 + 6)?
-6
Evaluate 1 + -4 + -4 + -29 + 43.
7
What is the value of (3 - -1) + -6 + 3?
1
Calculate (-1 - -1) + 2 - (1 + 1).
0
Evaluate -11 + (5 + -18 - -15).
-9
Evaluate -3 + (-3 - (5 + -1)) - -2.
-8
What is the value of (-8 + -5 - -6) + (1 - -9)?
3
What is the value of (8 + -4 - -1) + -1?
4
What is the value of (-2 + 5 - 5) + 3 + -2?
-1
Evaluate 5 + 20 + -17 + -2 + -3.
3
Calculate 6 + (-19 + 10 - 2).
-5
What is 0 - (-3 + -1 + 7 + 0)?
-3
Calculate 0 + (-1 - 2) + 6.
3
Calculate -3 + (2 - -1 - (-3 - -5)).
-2
-81 - -68 - (-5 - -2)
-10
What is the value of -4 - (-3 + 5 - (-3 + 9))?
0
What is the value of 0 + 0 - -3 - (-1 - 0)?
4
-2 + (-11 - -4) + 3
-6
What is the value of 7 + (7 - (16 + -4)) + -2?
0
Evaluate -5 + 6 + -3 + 0.
-2
Calculate 6 + -3 - 9 - -4.
-2
Evaluate (-2 + 0 - -1) + (1 - -2).
2
1 + 2 - (-13 - (-6 - 4))
6
What is (-14 - -10) + 1 + 1 - -4?
2
Evaluate -3 - (5 + 0 - 2 - 2).
-4
Calculate -1 + (11 - 6) + -7.
-3
Evaluate -2 + 1 + -6 + 8 - 1.
0
Calculate 0 + -2 - (-3 - -2).
-1
What is the value of 0 + (1 - -4) + 0?
5
What is the value of -6 - (10 + -27) - 8?
3
What is -26 + 10 + 3 - -13?
0
-5 + (7 - (-4 + 4))
2
Evaluate (-14 - -6) + (1 + 3 - 0).
-4
Calculate -5 - (12 + -16 - 1).
0
(8 + -4 - -2) + -4
2
2 + -6 - (-40 + 32)
4
What is the value of -9 - (-15 - -12) - -12?
6
-9 + (-12 - -7 - -5) + 6
-3
-2 - (12 + -5 - 14)
5
What is 7 + -8 + -11 + 7?
-5
Evaluate 3 + (1 - ((7 - 2) + 0)).
-1
Calculate -4 - (-4 + 5 + -2 + -2).
-1
What is -9 + 9 - -11 - 4?
7
What is (3 + 0 - 0) + 1 + -2?
2
Calculate 0 + (-1 - (1 - 1)) + 0.
-1
5 - (10 - -1 - 12)
6
What is the value of 3 - (14 - 4) - (-9 + 9)?
-7
What is 2 - (-1 + (-3 - -5 - -1))?
0
What is -2 + (-1 - -3 - 2) + 0?
-2
What is 2 + 1 - (-15 - -15) - 5?
-2
What is the value of -2 - -3 - (0 + 1)?
0
-2 - 6 - (1 - (3 + 1))
-5
What is the value of 7 + (-2 - (4 - 8 - -5))?
4
3 + -4 + -8 + 8
-1
Calculate 14 + -14 - (-1 + 2 + 3).
-4
What is the value of 0 + 0 - (-3 + 4 - 1)?
0
What is -22 + 34 + -5 + 0?
7
What is the value of 16 + -8 + 3 + -5?
6
8 + -13 + 5 + (1 - 3)
-2
Evaluate -9 + 7 - (0 - 1 - -1).
-2
What is 4 + (0 - 2) - -2?
4
(-3 - -2) + 0 + 1
0
What is the value of 2 - 7 - (-6 - -4) - -6?
3
6 - (4 - (9 - 6))
5
-2 - 0 - 3 - -4
-1
Calculate (-9 - -1) + -2 + -11 + 10.
-11
(-14 - 1) + (-181 - -203)
7
Evaluate -78 + 73 + 1 + 10.
6
Calculate 4 - (13 + -16 - (2 - 3)).
6
2 + 1 + -8 + 6 + 2
3
What is 3 - (-2 + 6 - 1)?
0
Calculate 3 - (6 + (-3 - 0)).
0
Evaluate 3 - (2 - (-3 - -5)).
3
Evaluate -1 + 3 + -4 - -3.
1
Evaluate 6 + -2 + -3 + 4 - 1.
4
What is the value of 2 + (-2 - (2 - -1))?
-3
What is the value of 0 + 6 + -5 + 1 - 5?
-3
19 + -11 + (2 - 3) + 0
7
Calculate 6 + -2 + 0 - 7.
-3
What is the value of 15 + -19 + 1 + (-1 - -3)?
-1
(5 - 1) + 23 + -22
5
(1 + 3 - (-3 + 1)) + -1
5
Evaluate (-9 + 11 - (1 - 0)) + 4.
5
Calculate 5 + 0 + (-8 - (-4 + 0)).
1
What is 3 + -10 + 4 - 1?
-4
Calculate -1 + 7 + 5 + -10.
1
What is -28 + 26 - (2 + -6 + 0)?
2
Evaluate 125 + -115 + (-3 - (1 - 0)).
6
Calculate 0 + -2 + 9 + (-2 - 0).
5
What is -2 - (6 - (7 + -3 + 1))?
-3
What is the value of -1 + (1 - 2) + 3?
1
What is the value of (2 - (5 + -1)) + 1 + -2?
-3
Evaluate (1 - 3) + (-31 - -29).
-4
What is (-2 + 4 - 6) + 10?
6
What is (6 - 12) + (4 - 0) + 0?
-2
Calculate (2 - (-3 - -6)) + 4.
3
Calculate -4 + 2 + 3 + -2.
-1
What is the value of (1 - 4) + (-10 - -15)?
2
Calculate -5 + 0 + (1 - 1 - -2).
-3
Calculate -5 + (-4 - -6) - -1.
-2
(10 - (-8 + 14)) + 2 + -9
-3
Evaluate (-16 - (-3 - 3)) + (-2 - -5).
-7
What is 12 + (-6 - 1) + -2 + 0?
3
What is the value of -2 + -4 + (-3 - (-13 - 1))?
5
(9 - 7) + (2 - 0)
4
Evaluate -5 + -3 + 3 + 8.
3
What is -22 + 18 - (-7 - (2 - 5))?
0
What is 3 + 2 - (4 + -1)?
2
Evaluate 28 + -36 + 16 + -1.
7
-6 + 14 + (-4 + 1 - -1)
6
What is (6 - -1) + -12 + 1?
-4
Calculate -1 - ((-6 - -7) + -3 - 0).
1
What is (10 - (-3 - -8)) + -2?
3
What is the value of 0 + -8 + (-15 - -16)?
-7
-7 + -8 + 7 - -7 - 9
-10
Calculate 5 + 2 + (-8 - -2) + 1.
2
What is (0 - -2) + 7 + -12?
-3
What is the value of -5 - (3 + -2) - -5?
-1
Evaluate 10 - (6 + -6) - 7.
3
What is the value of -19 + 12 + 17 + -1?
9
Evaluate 4 + (3 - (4 - 2) - 3).
2
Evaluate -1 - (-6 - (2 + -1 + -14)).
-8
What is the value of -7 - (2 - 1) - -6?
-2
What is the value of -1 - (3 + -5 + -1)?
2
-2 + -5 + 5 - (-2 - 3)
3
Calculate -2 - -6 - (-4 + 5).
3
Evaluate -2 + (8 - (0 + 7)).
-1
17 - (2 - -6) - 4
5
What is the value of -7 + 20 + -19 + 10?
4
What is the value of (9 - 2) + -2 - (40 + -29)?
-6
What is -43 + 21 - (1 + -14)?
-9
-2 - -6 - (-4 - -4)
4
What is -4 - (24 - 22 - (6 - -1))?
1
Calculate 4 + 6 + (-3 - 0) + -7.
0
What is the value of 2 - (1 - -2) - (2 + -4)?
1
What is 2 - 0 - (-14 + 14)?
2
Calculate -2 + (4 - -11) - 4.
9
Calculate (2 + -4 - (-10 + 5)) + -2.
1
Evaluate 8 + (6 - (13 + 2)).
-1
What is the value of 1 + -1 + 20 + -11?
9
Calculate -13 + (5 - -19) + (0 - 3).
8
Calculate -1 + -1 + (-214 - -213).
-3
10 + 1 + -5 + -2
4
What is -5 + (-4 - -4) + 9 - 8?
-4
What is the value of 1 - (4 - -6 - (0 - -5))?
-4
Calculate 11 + (-6 - 7 - -2).
0
2 - 1 - (27 + -29) - 8
-5
What is 5 + -2 + -2 + 2?
3
What is (-101 - -99) + (0 - -1 - 3)?
-4
0 + -1 + (8 - (10 - 7))
4
What is (-9 - (13 - 11)) + 12?
1
What is -1 + (-7 - -5) + -1 + 0?
-4
Evaluate (0 - (4 - 7)) + -6.
-3
7 - -3 - 3 - 8
-1
What is 1 - (2 + -2 + 7 + 1)?
-7
Evaluate 3 - (-4 - -11) - 1.
-5
What is the value of -5 - (-4 + 4 + -2)?
-3
-3 + (0 - -6) + -4 + 5
4
Evaluate 3 - (9 + -11 - -11).
-6
Evaluate 19 + (15 + -5 - 19).
10
What is the value of 4 - 4 - 2 - (1 - 4)?
1
Calculate -23 + 5 + 14 - (0 - 7).
3
Calculate 3 - (3 - (0 + 3 + 0)).
3
Calculate 1 + 2 - (-29 - -32).
0
Evaluate -5 + (5 + -5 - 2).
-7
What is 1 - (12 - 9 - (1 - 1))?
-2
What is 3 + (0 - (0 + 1)) + 0?
2
What is the value of -2 - (2 + -2 - (-3 + 3))?
-2
(7 + -13 - 9 - -8) + -1
-8
What is the value of (4 - 0) + -2 + -7?
-5
11 - (18 - (21 - 10))
4
(-2 - -8) + -4 + -3
-1
5 - 1 - -1 - 2
3
What is the value of -1 + (5 - 1 - 13) - 0?
-10
Calculate (-3 - (0 + 0)) + 2 + 2.
1
Calculate (-39 - -48) + 0 + -6.
3
Evaluate 56 + -62 - (-12 + -1).
7
Calculate (-2 - -4) + (-1 - -3).
4
What is (-6 - -10) + 2 + 1?
7
-6 + -2 + 21 + -15
-2
Calculate 1 + -5 - (6 + (-3 - 3)).
-4
Calculate 13 + (-3 - (-11 - -3)) + -8.
10
Calculate 6 - (3 - (8 + -2 - 5)).
4
Evaluate -7 + 2 + -3 + 1 + 1.
-6
Calculate 14 + 0 - (17 + -4).
1
Evaluate 5 - (-2 + -1 - -2).
6
What is the value of -11 - (-17 - -2 - (1 + -8))?
-3
What is -3 + (-2 - -4) - (1 + 2)?
-4
What is -5 - (-3 - 5) - 6?
-3
9 + -7 - (3 - 5 - 2)
6
-2 + 3 + (-7 - -3) + 0
-3
Evaluate -8 - (-19 + 14 - (0 + -2)).
-5
Calculate -3 + -2 + (16 - 8) - 1.
2
Calculate (-2 - 1) + 7 + -11.
-7
Calculate 1 - -12 - (-14 - -18).
9
(12 - 0) + -11 + -1 + 3
3
-2 + 4 + 5 + -10
-3
Calculate (-8 - (-17 + 3)) + -1.
5
What is the value of 0 + 1 + (-71 - -63)?
-7
What is -8 + 7 + -2 + (-9 - -7)?
-5
Calculate -41 - -45 - (0 - (3 - 2)).
5
What is 1 + (-10 - -30) + -11?
10
What is the value of 3 + -2 - (45 - 37)?
-7
(0 - 2 - 9) + 6
-5
Evaluate 11 + -8 - (-1 + 6).
-2
What is the value of -2 + (3 - (4 + (6 - 2)))?
-7
What is 1 + 0 + -7 - (-1 + 0)?
-5
Evaluate -6 + (4 - (-7 + 1)).
4
5 - ((-11 - -6) + 8)
2
(-65 - -60) + 5 + (0 - -1)
1
What is -5 + (4 - 10) + 5?
-6
What is (-2 - (3 + -6)) + -7 + 5?
-1
What is -1 - -6 - (16 + -14)?
3
What is -8 - (0 - -2) - (-45 + 39)?
-4
Calculate 0 + (-13 - -8) + 1.
-4
Calculate -6 + 5 + 3 + 1 + 0.
3
Evaluate 0 - 9 - (-2 - 3).
-4
Evaluate -1 + 2 - ((6 - 4) + -5).
4
What is the value of 6 + -2 + -1 + (-3 - -2)?
2
What is -3 - ((1 + -4 - 0) + 0)?
0
Calculate -1 - (-15 + 8 - -8).
-2
0 + 0 + (15 - 13)
2
What is the value of -5 - (-4 + -3 - 2)?
4
What is the value of (2 - 2) + 12 + -5?
7
What is (-9 - -3) + (0 - -5)?
-1
What is 13 + -6 + (-4 - -3)?
6
What is the value of 1 + -1 + -1 - 1?
-2
Calculate (1 - 10) + -6 - -8.
-7
Evaluate 0 + -1 + -4 + 3.
-2
What is (9